d by k?
14
Let j = -149 - -188. Let q(k) = k**2 - k. Let i(z) = 4*z**2 + 3*z - 1. Let o(v) = -i(v) + 5*q(v). What is the remainder when j is divided by o(10)?
18
Let t(r) = -15*r - 21. Calculate the remainder when t(-12) is divided by 56.
47
Let l(w) = -w**3 - 2*w**2 + w + 93. Let x be l(0). Suppose 129 = 3*m - 4*k, -x - 108 = -5*m + 2*k. What is the remainder when m is divided by 11?
6
Suppose -2*o - 66 = -5*i + o, 0 = o + 2. Let s be (-21)/(-9) + (16/6)/4. What is the remainder when i is divided by 1/(s + 70/(-25))?
2
Let r = 83 - -1. Suppose -34 = -2*g + r. Suppose 2*f + 0*f = 24. What is the remainder when g is divided by f?
11
Suppose -137*u = -7594 - 2544. Suppose -p + 3*t = -5*p - 4, 0 = -p + 5*t - 1. Calculate the remainder when u is divided by p/(1 + 40/(-38)).
17
Let m(l) be the first derivative of -l**3/3 - 4*l**2 - 5. Let k = 58 - 48. Calculate the remainder when k is divided by m(-7).
3
Let x(n) = -25*n - 85. What is the remainder when x(-4) is divided by 4?
3
Suppose -p = -2*w - 3*p + 22, -3*p = -5*w + 39. Calculate the remainder when 150 is divided by w.
6
Let x(d) = 10*d + 1. Let n be x(-3). Let h = n - -43. What is the remainder when 201*(7 - (-300)/(-45)) is divided by h?
11
Let k = -364 - -477. What is the remainder when k is divided by 5?
3
Suppose -7*b - 4*v = -3*b - 36, -2*b + v = -33. What is the remainder when 40 is divided by b?
12
Let o(x) = 12*x - 2. Let m be o(2). Suppose -127 = -3*v - m. What is the remainder when v is divided by 9?
8
Let t(v) = -2*v**3 + 2*v**2 + 5*v + 6. Let h be t(-3). Let r be (13 + -14)*h*1. Calculate the remainder when 39 is divided by (-959)/r - (-4)/(-18).
9
Let t(w) = -2*w**3 - 112*w**2 - 108*w + 115. What is the remainder when t(-55) is divided by 5?
0
Let v = -1140 + 1287. What is the remainder when v is divided by 31?
23
Suppose 8*w = 78 + 18. What is the remainder when 167 is divided by w?
11
Let z(n) = n + 6. Let d be z(-1). Suppose -806 - 209 = -d*w. Calculate the remainder when w is divided by 51.
50
Calculate the remainder when 38 is divided by (-21)/(441/(-476)) + 3/9.
15
Suppose -4*x - 9 = -5*x - 3*z, 50 = 4*x - 2*z. Let n = x - 12. Suppose n = -q + 2*q - 11. Calculate the remainder when 20 is divided by q.
9
Let t = 31 - 14. Let s be 20*(-4 - (-9)/2). Suppose s*j = 8*j + 62. Calculate the remainder when j is divided by t.
14
Suppose -408 = -5*y - 353. What is the remainder when 60 is divided by y?
5
Suppose c = -4*c + 55. Calculate the remainder when c is divided by 8.
3
Let b(a) = a**3 - 2*a - 1. Let h be 4 + -3 - 1 - -2. Let z be b(h). Suppose -4*t = -z*w + w + 56, 4*t - 72 = -2*w. What is the remainder when w is divided by 9?
5
Suppose 4*y + 14 = 6*y + 2*m, 4*y + m = 16. Let v(f) = 337*f + 1 + y - 308*f. Calculate the remainder when v(3) is divided by 23.
22
Suppose 0 = 13*o - 14*o + 76. Suppose -2*v - 2*t = -o, 5*v - 168 = -4*t + 26. Suppose -j - j + v = 0. Calculate the remainder when 59 is divided by j.
17
Suppose 65 = -3*t + 257. Calculate the remainder when 383 is divided by t.
63
Let n be 10 + (-4)/((-20)/(-15)). Let t = 11 - n. Calculate the remainder when 7 is divided by t.
3
Let t(p) = 11*p + 14. Suppose 0 = -r + 4*k + 1, -8*r + 37 = -3*r - 4*k. What is the remainder when t(r) is divided by 38?
37
Let j = 139 + -42. Calculate the remainder when j is divided by 13.
6
Let n = 17 + 14. Let c = -20 + n. Calculate the remainder when 29 is divided by c.
7
Suppose -5*m = 26 - 106. Let c(v) = -v + 32. What is the remainder when 60 is divided by c(m)?
12
Let k = 940 - 907. Calculate the remainder when 113 is divided by k.
14
Suppose -g + 14 = 23. Let y = g - -17. Let d = -5 - -27. What is the remainder when d is divided by y?
6
Suppose 0 = 6*n - 8*n - 6. Calculate the remainder when (0 - 2) + 5*11 is divided by (-90)/n*(-12)/(-20).
17
Let m(v) = -v**3 + 30*v**2 - 124*v - 20. Calculate the remainder when 43 is divided by m(25).
3
Suppose d + 39 = 5*v, -4*d = v - 4*v + 122. Let j(w) = -17*w**2 + w. Let q be j(1). Let p = q - d. What is the remainder when 49 is divided by p?
10
Suppose 3*q + 3612 = 4*c, c - 922 = -5*q + q. What is the remainder when c is divided by 57?
51
Let t(n) = 5*n**2 + 3*n - 5. What is the remainder when t(-4) is divided by 6/(-9)*(-363)/22?
8
Let m(j) = -j**2 + 9*j + 10. Let t be m(10). Suppose -2*b = -4*p - 26, -5*b + 29 = -t*p - p. Calculate the remainder when 12 is divided by b.
2
Let o be (-4 - -2) + 4/(-2). Let r(g) = 9*g**2 - 3. What is the remainder when r(o) is divided by 13?
11
Suppose 262 = 10*w - 308. Calculate the remainder when w is divided by 37.
20
Suppose 2*u - 18 = 4*a, 2*u - 4*u = -a. Let k = a - -2. Let z = 14 + k. Calculate the remainder when 29 is divided by z.
9
Let h(o) = o**3 + o**2 - o + 10. Let k = 78 + -144. Let r = -47 - k. What is the remainder when r is divided by h(0)?
9
Suppose 0 = 2*a - 2*d - 5 + 37, 0 = -5*a - d - 62. Let t(z) = z**2 + 12*z + 15. What is the remainder when 80 is divided by t(a)?
24
Suppose 3*x - 1103 + 836 = 0. What is the remainder when x is divided by 2?
1
Suppose 0 = -p + 4*x - 11, 0 = -5*p - 0*x + 5*x + 20. Let l be (-642)/(-10) + (-4)/(-5). Let o = -40 + l. Calculate the remainder when o is divided by p.
7
Let k(v) = 24*v + 51. What is the remainder when 125 is divided by k(0)?
23
Let w = -182 + 376. What is the remainder when w is divided by 62?
8
Suppose 5*n - 4*u = 75, 4*n + 2*u + 4 = 38. Calculate the remainder when 23 is divided by n.
1
Suppose -3*o + 809 = 2*o + 3*k, 0 = -o + 3*k + 151. What is the remainder when o is divided by 54?
52
Suppose -2*y = r - 40 - 77, y - 81 = 4*r. Calculate the remainder when 365 is divided by y.
60
Suppose 2*d + 16 = v - d, 2*v = 5*d + 31. What is the remainder when 35 is divided by v?
9
Suppose -2*z = -6, -3*z = -2*p - 2*z + 37. Suppose 0 = 4*y - y - 237. Calculate the remainder when y is divided by p.
19
Let l be ((-33)/22)/(3/(-4)). What is the remainder when 10 is divided by (-9)/(9/l) - -6?
2
Let h = -22192 + 22253. Let i = 9 + 12. What is the remainder when h is divided by i?
19
Suppose 213*d + 138 = 107*d + 112*d. Suppose j + 1 + 2 = 0, 2*g = 3*j - 13. Let v = g + 24. What is the remainder when d is divided by v?
10
Suppose 4*k - 582 = -3*b + 5*k, 389 = 2*b - k. Let r = 308 - b. Calculate the remainder when r is divided by 24.
19
Suppose 21*q - 17*q - 88 = 0. Calculate the remainder when 35 is divided by q.
13
Suppose h = -2 - 6. Calculate the remainder when 62 is divided by ((-323)/38)/(2/h).
28
Let r(d) = -d**3 + 5*d**2 - d + 10. Let w be r(5). Suppose w*y - 792 = 318. Suppose y - 50 = 4*p. Calculate the remainder when p is divided by 11.
10
Suppose -3*b - 4*f = -215, 5*b = 2*f - 3*f + 347. Suppose 66 = 5*a - 4. Calculate the remainder when b is divided by a.
13
Let c(r) = 9*r - 480. Calculate the remainder when 304 is divided by c(59).
49
Let v be (-5)/((12/21)/(-4)). Let h = v + -12. Let b = h - 10. What is the remainder when b is divided by 5?
3
Suppose -9*s = -12*s + 54. Calculate the remainder when 42 is divided by s.
6
Let h be (3/(-3) - 0) + 1. Suppose -4*r + 51 + 5 = h. Calculate the remainder when 41 is divided by r.
13
Let o be 1*2 + 4/12*0. Let k(a) = a + 6. Let d be k(-3). Suppose d*b + o*b - 320 = 0. What is the remainder when b is divided by 22?
20
Let l be (-49 + 1)*5/(-10). What is the remainder when 27 is divided by (0 + 3)*64/l?
3
Let p(b) = 323*b**2 + 7*b + 6. Calculate the remainder when p(-1) is divided by 65.
62
Suppose 2*c - 24 - 76 = -2*l, 0 = -3*l + 3*c + 174. Suppose -o - 11 = -l. Calculate the remainder when o is divided by 16.
11
Suppose 2724 = 34*o - 3770. Calculate the remainder when o is divided by 65.
61
Let d be 55/3 + 11/(-33). Let r(s) = 14*s - 74. What is the remainder when r(d) is divided by 20?
18
Suppose 0 = 64*x - 51*x - 676. What is the remainder when x is divided by 27?
25
Let d(o) = -o**3 + 4*o**2 + 7*o - 5. Let t(c) = -12*c**3 - c**2 - c. Let w(q) = q - 13. Let m be w(12). Calculate the remainder when t(m) is divided by d(5).
2
Suppose -5*m + 47 = 3*w, 0 = 3*m - 4 - 8. What is the remainder when 321 is divided by w?
6
Suppose -3*y - 2*v - 3 + 18 = 0, 0 = 3*y - 2*v - 27. Suppose 0 = 3*q + 4*k - 27, -k + 6*k = 15. What is the remainder when y is divided by q?
2
Let s = -179 - -185. What is the remainder when 